a multiple of 23?
False
Does 421 divide 2193410?
True
Does 142 divide 376406?
False
Does 111 divide 351981?
True
Is 144620 a multiple of 28?
True
Is 54 a factor of 7668?
True
Is 65 a factor of 10514855?
True
Does 13 divide 131391?
True
Is 60 a factor of 3217080?
True
Is 13 a factor of 142599?
False
Is 104 a factor of 212223?
False
Is 983289 a multiple of 15?
False
Does 50 divide 631426?
False
Does 38 divide 283252?
True
Does 22 divide 738388?
False
Does 4 divide 30452?
True
Is 44 a factor of 500632?
True
Is 6 a factor of 1369914?
True
Does 632 divide 9598184?
True
Does 1595 divide 9880746?
False
Is 878 a factor of 5195636?
False
Is 32 a factor of 5195346?
False
Is 710 a factor of 16765940?
True
Does 11 divide 457554?
False
Does 17 divide 3270783?
True
Is 25 a factor of 201550?
True
Is 47764 a multiple of 2?
True
Is 44569 a multiple of 9?
False
Does 771 divide 41634?
True
Is 463 a factor of 176403?
True
Is 8784 even?
True
Is 13 a factor of 690701?
False
Is 465279 a multiple of 14?
False
Is 517848 a multiple of 24?
True
Is 143310 a multiple of 85?
True
Does 56 divide 139776?
True
Is 879065 a multiple of 605?
True
Does 225 divide 422888?
False
Is 133 a factor of 142213?
False
Is 529801 a multiple of 287?
False
Is 83404 a multiple of 34?
False
Does 54 divide 219456?
True
Is 178528 a multiple of 14?
True
Is 17 a factor of 555271?
True
Is 41583 a multiple of 83?
True
Is 69438 a multiple of 326?
True
Is 172 a factor of 2925892?
True
Does 83 divide 1153949?
True
Is 92 a factor of 1793908?
True
Is 4 a factor of 6947654?
False
Does 546 divide 298903?
False
Is 503 a factor of 520102?
True
Is 1557657 a multiple of 258?
False
Is 11085 a multiple of 213?
False
Is 6 a factor of 129306?
True
Is 291375 a multiple of 125?
True
Is 9 a factor of 2629574?
False
Is 48 a factor of 3491712?
True
Is 10 a factor of 14517067?
False
Is 7303814 a multiple of 14?
True
Does 12 divide 224479?
False
Is 1526943 a multiple of 51?
False
Is 904432 a multiple of 16?
True
Is 130 a factor of 20800?
True
Is 51 a factor of 1283492?
False
Is 14015170 a multiple of 11?
False
Does 14 divide 3070830?
True
Is 38 a factor of 687458?
True
Does 713 divide 8584520?
True
Does 123 divide 424000?
False
Is 136 a factor of 301512?
True
Does 74 divide 1827267?
False
Is 22 a factor of 1561?
False
Does 7 divide 515403?
True
Does 31 divide 16372484?
False
Does 27 divide 15795?
True
Does 152 divide 160262?
False
Is 12019741 a multiple of 715?
False
Is 20398 even?
True
Is 226 a factor of 208824?
True
Is 5 a factor of 78207?
False
Does 56 divide 19076176?
True
Is 17 a factor of 8043?
False
Is 677882 a multiple of 38?
True
Is 38725 a multiple of 25?
True
Is 792 a factor of 4462128?
True
Is 1400092 a multiple of 81?
False
Is 17 a factor of 6612833?
False
Is 6974800 a multiple of 19?
False
Is 127 a factor of 14354048?
True
Is 516415 a multiple of 74?
False
Is 230 a factor of 2211680?
True
Is 54 a factor of 8078508?
True
Is 6 a factor of 1237721?
False
Is 3 a factor of 4618347?
True
Is 1054 a factor of 17612340?
True
Is 426363 a multiple of 178?
False
Is 11498320 a multiple of 8?
True
Is 1432022 a multiple of 460?
False
Is 23 a factor of 11139889?
True
Does 16 divide 360752?
True
Does 241 divide 133514?
True
Is 26 a factor of 36270?
True
Is 954713 a multiple of 8?
False
Is 4 a factor of 4231?
False
Does 76 divide 824337?
False
Is 420 a factor of 126108?
False
Is 86 a factor of 713714?
True
Does 19 divide 655652?
True
Is 62 a factor of 17566660?
False
Is 10 a factor of 368936?
False
Is 22 a factor of 21648901?
False
Does 40 divide 5808640?
True
Is 26 a factor of 314534?
False
Is 37 a factor of 4323158?
False
Does 276 divide 6460499?
False
Does 45 divide 203339?
False
Is 125580 a multiple of 46?
True
Is 49 a factor of 192035?
False
Is 1087062 a multiple of 4?
False
Is 514470 even?
True
Does 53 divide 53982?
False
Is 68 a factor of 15321428?
False
Is 218 a factor of 6963071?
False
Is 68 a factor of 293080?
True
Does 61 divide 20408282?
True
Is 166478 a multiple of 247?
True
Is 240707 a multiple of 37?
False
Is 294990 a multiple of 247?
False
Is 657220 a multiple of 68?
True
Does 53 divide 14712323?
True
Is 4 a factor of 54568?
True
Is 527850 a multiple of 510?
True
Does 4 divide 320264?
True
Is 48 a factor of 9041998?
False
Is 11 a factor of 737069?
False
Is 9 a factor of 88740?
True
Does 2 divide 261394?
True
Is 5 a factor of 53765?
True
Is 13098404 a multiple of 14?
False
Is 1396 a factor of 15612864?
True
Is 132000 a multiple of 480?
True
Is 2 a factor of 293906?
True
Does 162 divide 7698888?
True
Is 156048 a multiple of 8?
True
Does 82 divide 65846?
True
Is 18665500 a multiple of 10?
True
Is 465620 a multiple of 20?
True
Is 15 a factor of 582420?
True
Is 16 a factor of 101184?
True
Does 48 divide 353424?
True
Is 125 a factor of 372663?
False
Is 42120 a multiple of 162?
True
Is 207328 a multiple of 25?
False
Does 96 divide 194336?
False
Is 261 a factor of 2449361?
False
Does 125 divide 42750?
True
Is 101 a factor of 489244?
True
Does 30 divide 1677625?
False
Is 175 a factor of 215950?
True
Is 3826 a multiple of 29?
False
Is 320200 a multiple of 10?
True
Is 157556 a multiple of 17?
True
Is 18645 a multiple of 33?
True
Is 46651 a multiple of 15?
False
Is 9722 a multiple of 42?
False
Is 72200 a multiple of 25?
True
Is 1859083 a multiple of 3?
False
Does 8 divide 5334480?
True
Is 83 a factor of 540413?
True
Does 38 divide 200698?
False
Is 1397966 a multiple of 20?
False
Is 4808269 a multiple of 27?
False
Is 90 a factor of 29353028?
False
Is 756155 a multiple of 22?
False
Is 4 a factor of 37626?
False
Does 53 divide 1175858?
True
Is 18 a factor of 239256?
True
Is 1281095 a multiple of 46?
False
Is 1335146 a multiple of 214?
True
Is 1207424 a multiple of 128?
True
Does 9 divide 477522?
True
Is 19666710 a multiple of 798?
True
Is 29 a factor of 435434?
False
Does 369 divide 142168?
False
Is 82 a factor of 134480?
True
Is 46886 a multiple of 131?
False
Is 154 a factor of 192346?
True
Does 37 divide 689236?
True
Is 2531819 a multiple of 2?
False
Is 43624 a multiple of 574?
True
Does 10 divide 74770?
True
Is 210 a factor of 1072568?
False
Is 208548 a multiple of 12?
True
Is 451051 a multiple of 223?
False
Does 1302 divide 1058074?
False
Is 28141 a multiple of 10?
False
Does 97 divide 53544?
True
Is 824920 a multiple of 8?
True
Is 969 a factor of 11693374?
False
Is 8457884 a multiple of 131?
True
Is 985688 a multiple of 44?
True
Is 123165 a multiple of 23?
True
Is 66538 a multiple of 30?
False
Is 109 a factor of 59011?
False
Does 61 divide 2412184?
True
Is 423 a factor of 445533?
False
Is 71251 a multiple of 2?
False
Is 178 a factor of 2210048?
True
Is 36 a factor of 1697868?
True
Is 90 a factor of 4887180?
True
Is 63 a factor of 74030?
False
Does 111 divide 934620?
True
Is 5679760 a multiple of 16?
True
Is 427284 a multiple of 71?
False
Is 1290144 a multiple of 267?
True
Is 852363 a multiple of 660?
False
Does 10 divide 75540?
True
Is 90 a factor of 1768094?
False
Is 17 a factor of 5420325?
False
Is 46 a factor of 338514?
True
Does 30 divide 30420?
True
Is 4537 a multiple of 8?
False
Does 55 divide 92107?
False
Is 2912764 a multiple of 1289?
False
Is 38 a factor of 638704?
True
Does 6 divide 132288?
True
Does 1363 divide 9005341?
True
Is 10 a factor of 100914?
False
Is 25 a factor of 1326725?
True
Does 39 divide 250458?
True
Is 31 a factor of 29574?
True
Is 347956 a multiple of 34?
True
Does 129 divide 375261?
True
Is 3305792 a multiple of 224?
True
Is 221 a factor of 2146273?
False
Is 102976 a multiple of 20?
False
Is 754815 a multiple of 5?
True
Does 43 divide 66007?
False
Does 86 divide 323398?
False
Is 58313 a multiple of 226?
False
Is 16 a factor of 1546184?
False
Does 31 divide 991786?
False
Does 144 divide 191033?
False
Is 16 a factor of 317051?
False
Is 158 a factor of 15127286?
False
Is 1158390 a multiple of 633?
True
Does 53 divide 57187?
True
Is 77 a factor of 129529?
False
Is 37 a factor of 7178?
True
Is 262 a factor of 981125?
False
Is 1516231 a multiple of 58?
False
Does 158 divide 5766368?
True
Is 20 a factor of 11485589?
False
Is 534173 a multiple of 289?
False
Is 136641 a multiple of 37?
True
Is 59 a factor of 1336291?
True
Is 4675 a multiple of 55?
True
Is 38 a factor of 2418073?
False
Does 345 d